ase 11?
25
-33 (base 13) to base 5
-132
29 (base 13) to base 6
55
What is 21 (base 5) in base 3?
102
What is 4 (base 12) in base 13?
4
Convert 121 (base 3) to base 8.
20
Convert 11 (base 10) to base 4.
23
Convert -201 (base 4) to base 14.
-25
What is -10 (base 10) in base 2?
-1010
324 (base 8) to base 13
134
Convert 44 (base 15) to base 5.
224
-1 (base 14) to base 7
-1
Convert 1 (base 3) to base 7.
1
12 (base 16) to base 6
30
0 (base 11) to base 12
0
What is 7 (base 10) in base 7?
10
What is -140 (base 12) in base 16?
-c0
What is 163 (base 10) in base 15?
ad
What is b6 (base 14) in base 15?
aa
-8a (base 14) to base 4
-1322
What is -9 (base 13) in base 12?
-9
What is -11 (base 12) in base 9?
-14
Convert -3 (base 5) to base 4.
-3
Convert 2 (base 8) to base 13.
2
Convert 3 (base 6) to base 11.
3
What is 52 (base 12) in base 16?
3e
What is 5c (base 14) in base 4?
1102
What is 8 (base 10) in base 5?
13
Convert 3 (base 4) to base 7.
3
What is 2 (base 15) in base 10?
2
Convert 11 (base 3) to base 11.
4
What is -123 (base 6) in base 16?
-33
What is -34 (base 7) in base 14?
-1b
What is -11 (base 2) in base 4?
-3
-124 (base 7) to base 13
-52
Convert -11 (base 6) to base 7.
-10
Convert 1 (base 10) to base 4.
1
84 (base 15) to base 9
147
What is 4b (base 14) in base 4?
1003
-4 (base 5) to base 4
-10
-1 (base 11) to base 16
-1
What is 140 (base 9) in base 10?
117
What is 4 (base 16) in base 4?
10
111 (base 3) to base 5
23
Convert -1 (base 5) to base 16.
-1
What is -5 (base 7) in base 6?
-5
4 (base 12) to base 16
4
What is 2332 (base 5) in base 2?
101010110
-11 (base 13) to base 6
-22
207 (base 9) to base 8
251
What is 2113 (base 4) in base 8?
227
What is 21 (base 15) in base 3?
1011
What is 321 (base 4) in base 2?
111001
Convert -21 (base 3) to base 13.
-7
Convert 2 (base 9) to base 2.
10
-1 (base 15) to base 6
-1
What is -9 (base 14) in base 15?
-9
Convert -161 (base 7) to base 13.
-71
-101 (base 8) to base 7
-122
Convert 1 (base 3) to base 14.
1
Convert 1 (base 2) to base 8.
1
What is -dc (base 16) in base 15?
-ea
What is -1 (base 2) in base 12?
-1
12 (base 7) to base 2
1001
What is -5 (base 8) in base 16?
-5
2110 (base 3) to base 8
102
Convert a (base 12) to base 8.
12
Convert -12 (base 3) to base 16.
-5
Convert -2 (base 4) to base 2.
-10
5 (base 14) to base 11
5
2 (base 5) to base 3
2
What is -d0 (base 14) in base 11?
-156
What is 0 (base 2) in base 15?
0
Convert 45 (base 6) to base 10.
29
Convert -6 (base 16) to base 2.
-110
Convert 1 (base 4) to base 6.
1
What is 554 (base 7) in base 13?
18b
-8 (base 16) to base 2
-1000
Convert -b (base 13) to base 9.
-12
2 (base 14) to base 12
2
Convert 10 (base 2) to base 9.
2
1513 (base 6) to base 3
120000
-85 (base 13) to base 11
-9a
Convert -11 (base 9) to base 15.
-a
Convert -2 (base 16) to base 11.
-2
Convert -22 (base 6) to base 9.
-15
What is 220 (base 8) in base 16?
90
What is 0 (base 9) in base 14?
0
1 (base 15) to base 2
1
What is -5 (base 11) in base 16?
-5
Convert -223 (base 5) to base 13.
-4b
What is 201 (base 4) in base 5?
113
Convert 3 (base 5) to base 4.
3
Convert -3 (base 8) to base 10.
-3
What is -70 (base 11) in base 6?
-205
157 (base 9) to base 15
8d
11 (base 3) to base 2
100
What is -1 (base 3) in base 11?
-1
What is 54 (base 10) in base 15?
39
-141 (base 6) to base 7
-115
Convert -10 (base 8) to base 9.
-8
Convert 44 (base 10) to base 4.
230
-12 (base 12) to base 15
-e
Convert b (base 15) to base 2.
1011
-212 (base 6) to base 10
-80
What is 4 (base 11) in base 8?
4
c2 (base 13) to base 15
a8
-2 (base 3) to base 12
-2
Convert 16 (base 7) to base 8.
15
-1200 (base 4) to base 15
-66
Convert -4 (base 16) to base 6.
-4
What is -20 (base 3) in base 11?
-6
Convert 3 (base 9) to base 4.
3
Convert -14 (base 7) to base 15.
-b
What is 1b (base 15) in base 10?
26
Convert -59 (base 12) to base 7.
-126
What is -10 (base 9) in base 13?
-9
What is -1 (base 12) in base 16?
-1
-2 (base 12) to base 2
-10
-3 (base 6) to base 5
-3
-d (base 15) to base 3
-111
-9 (base 14) to base 7
-12
Convert 10d (base 16) to base 10.
269
15 (base 13) to base 8
22
What is 5b (base 15) in base 4?
1112
-4 (base 10) to base 13
-4
What is 453 (base 7) in base 3?
22200
Convert 1100 (base 2) to base 14.
c
What is -16 (base 12) in base 5?
-33
Convert 26 (base 11) to base 7.
40
-20 (base 4) to base 5
-13
-10 (base 8) to base 4
-20
-48 (base 9) to base 7
-62
What is -202 (base 4) in base 8?
-42
15 (base 7) to base 13
c
Convert 119 (base 10) to base 6.
315
What is -35 (base 11) in base 4?
-212
What is -304 (base 6) in base 15?
-77
What is 1100 (base 2) in base 4?
30
What is 1001 (base 2) in base 7?
12
Convert 8 (base 14) to base 16.
8
What is 18 (base 9) in base 11?
16
What is 2 (base 12) in base 7?
2
What is 6 (base 8) in base 12?
6
-a (base 14) to base 4
-22
Convert 0 (base 16) to base 6.
0
Convert -1 (base 10) to base 11.
-1
200 (base 3) to base 11
17
Convert -36 (base 7) to base 4.
-123
What is -2 (base 6) in base 2?
-10
-1012 (base 3) to base 11
-2a
-1c (base 15) to base 6
-43
-12 (base 3) to base 13
-5
What is -1 (base 6) in base 5?
-1
Convert -d2 (base 15) to base 12.
-145
Convert 11 (base 2) to base 13.
3
12 (base 3) to base 14
5
Convert -311 (base 6) to base 16.
-73
Convert -11 (base 2) to base 9.
-3
-17 (base 11) to base 8
-22
-135 (base 6) to base 15
-3e
What is -6 (base 11) in base 5?
-11
Convert 16 (base 10) to base 11.
15
Convert -5 (base 9) to base 3.
-12
What is -4 (base 9) in base 15?
-4
3b (base 13) to base 6
122
Convert 222 (base 3) to base 11.
24
What is 10 (base 3) in base 14?
3
-14 (base 11) to base 14
-11
What is 41 (base 6) in base 5?
100
Convert 4 (base 7) to base 8.
4
14 (base 5) to base 11
9
Convert -423 (base 5) to base 15.
-78
-2 (base 6) to base 16
-2
Convert -9e (base 16) to base 6.
-422
2 (base 11) to base 8
2
Convert -6 (base 8) to base 7.
-6
What is 12 (base 7) in base 3?
100
Convert -2 (base 9) to base 11.
-2
What is 41 (base 9) in base 10?
37
Convert -31 (base 13) to base 16.
-28
What is -1 (base 14) in base 13?
-1
What is 0 (base 6) in base 15?
0
Convert -112 (base 4) to base 2.
-10110
Convert 101000 (base 2) to base 13.
31
82 (base 12) to base 14
70
Convert -23 (base 14) to base 15.
-21
Convert -130 (base 11) to base 8.
-232
What is 92 (base 13) in base 16?
77
134 (base 8) to base 6
232
Convert 4 (base 12) to base 10.
4
What is 25 (base 8) in base 15?
16
What is -4 (base 16) in base 8?
-4
Convert -11 (base 5) to base 13.
-6
Convert -1 (base 16) to base 14.
-1
What is -6 (base 8) in base 14?
-6
-1 (base 13) to base 6
-1
Convert -235 (base 9) to base 11.
-167
-128 (base 13) to base 16
-cb
What is -3 (base 14) in base 10?
-3
1 (base 2) to base 4
1
What is 10 (base 7) in base 3?
21
Convert -1 (base 4) to base 8.
-1
What is -1b (base 14) in base 13?
-1c
34 (base 11) to base 15
27
Convert 58 (base 9) to base 4.
311
Convert 3 (base 12) to base 14.
3
What is -44 (base 9) in base 7?
-55
1 (base 8) to base 10
1
What is 5 (base 11) in base 6?
5
-8 (base 10) to base 11
-8
85 (base 11) to base 12
79
27 (base 8) to base 15
18
What is 22 (base 9) in base 11?
19
122 (base 4) to base 2
11010
177 (base 8) to base 12
a7
-113 (base 4) to base 2
-10111
Convert -b (base 14) to base 10.
-11
Convert -306 (base 7) to base 4.
-2121
What is -9 (base 16) in base 13?
-9
Convert 1 (base 5) to base 2.
1
What is 4 (base 15) in base 10?
4
What is -21020 (base 3) in base 14?
-dd
Convert 26 (base 15) to base 8.
44
What is 2 (base 12) in base 9?
2
1 (base 9) to base 15
1
What is -2 (base 6) in base 11?
-2
Convert 410 (base 8) to base 14.
14c
Convert -101 (base 5) to base 8.
-32
Convert -11101010 (base 2) to base 4.
-3222
-3 (base 11) to base 3
-10
Convert 1 (base 10) to base 9.
1
2 (base 10) to base 2
10
Convert -11 (base 13) to base 3.
-112
Convert 120 (base 5) to base 14.
27
-8 (base 16) to base 6
-12
Convert -4 (base 10) to base 12.
-4
Convert 205 (base 9) to base 15.
b2
What is -311 (base 4) in base 15?
-38
Convert 53 (base 11) to base 8.
72
1221 (base 3) to base 14
3a
What is -6 (base 7) in base 14?
-6
What is 44 (base 7) in base 4?
200
a7 (base 15) to base 8
235
Convert -243 (base 7) to base 11.
-108
-1015 (base 6) to base 13
-146
What is 3103 (base 4) in base 7?
421
Convert -4 (base 15) to base 14.
-4
Convert 37 (base 16) to b